s digit of 9742496?
6
What is the ten millions digit of 67277707?
6
What is the ten millions digit of 113393919?
1
What is the millions digit of 312232500?
2
What is the hundred thousands digit of 305274843?
2
What is the tens digit of 270874999?
9
What is the ten thousands digit of 24461116?
6
What is the hundreds digit of 2200851170?
1
What is the ten millions digit of 2681093360?
8
What is the thousands digit of 472973992?
3
What is the ten thousands digit of 709329863?
2
What is the hundred thousands digit of 34118460?
1
What is the hundred millions digit of 4374360412?
3
What is the units digit of 4013983032?
2
What is the hundred thousands digit of 1616109163?
1
What is the hundred thousands digit of 700107593?
1
What is the units digit of 876804951?
1
What is the hundreds digit of 176972761?
7
What is the tens digit of 226271586?
8
What is the tens digit of 147337378?
7
What is the thousands digit of 1293578384?
8
What is the ten millions digit of 28553092?
2
What is the hundred millions digit of 104657427?
1
What is the hundreds digit of 637457494?
4
What is the ten millions digit of 258066574?
5
What is the tens digit of 34733578?
7
What is the tens digit of 807108763?
6
What is the ten millions digit of 163382474?
6
What is the thousands digit of 3117793?
7
What is the ten thousands digit of 60180396?
8
What is the ten thousands digit of 288675511?
7
What is the millions digit of 195964491?
5
What is the hundred millions digit of 1903007841?
9
What is the ten thousands digit of 190504512?
0
What is the ten thousands digit of 775791406?
9
What is the billions digit of 1162837989?
1
What is the thousands digit of 826233362?
3
What is the ten millions digit of 197545172?
9
What is the tens digit of 463269256?
5
What is the thousands digit of 21161651?
1
What is the hundreds digit of 1793630277?
2
What is the ten millions digit of 28235481?
2
What is the ten millions digit of 3341876901?
4
What is the thousands digit of 143920280?
0
What is the ten millions digit of 65166058?
6
What is the ten thousands digit of 96734195?
3
What is the thousands digit of 153495470?
5
What is the hundreds digit of 35099891?
8
What is the ten millions digit of 426383234?
2
What is the hundred thousands digit of 58724052?
7
What is the hundred thousands digit of 51977394?
9
What is the hundred millions digit of 193580826?
1
What is the ten millions digit of 188762510?
8
What is the units digit of 23365766?
6
What is the ten millions digit of 98640589?
9
What is the ten millions digit of 302604544?
0
What is the ten thousands digit of 215542897?
4
What is the units digit of 92808580?
0
What is the hundreds digit of 9996321?
3
What is the tens digit of 6998916?
1
What is the hundred thousands digit of 1431918933?
9
What is the units digit of 2583587474?
4
What is the tens digit of 2076206532?
3
What is the hundred thousands digit of 20593556?
5
What is the hundreds digit of 24185391?
3
What is the hundred thousands digit of 397657799?
6
What is the hundred millions digit of 646280532?
6
What is the hundreds digit of 32447549?
5
What is the hundred millions digit of 131730679?
1
What is the hundreds digit of 2190556329?
3
What is the tens digit of 64212528?
2
What is the tens digit of 429010638?
3
What is the tens digit of 32819625?
2
What is the hundred thousands digit of 1310212269?
2
What is the ten thousands digit of 625052689?
5
What is the ten millions digit of 349152862?
4
What is the tens digit of 927821366?
6
What is the thousands digit of 3894432633?
2
What is the millions digit of 3253484207?
3
What is the hundred millions digit of 221590051?
2
What is the tens digit of 102200345?
4
What is the units digit of 17470952?
2
What is the thousands digit of 25852959?
2
What is the hundred thousands digit of 1952338442?
3
What is the hundreds digit of 102635444?
4
What is the thousands digit of 265669643?
9
What is the hundred millions digit of 7762248986?
7
What is the tens digit of 8305261075?
7
What is the hundred thousands digit of 1802212049?
2
What is the millions digit of 367954231?
7
What is the hundreds digit of 4086296811?
8
What is the millions digit of 60689894?
0
What is the tens digit of 905581206?
0
What is the ten millions digit of 337358929?
3
What is the hundreds digit of 1569034439?
4
What is the hundred millions digit of 965094271?
9
What is the ten thousands digit of 38374245?
7
What is the hundred millions digit of 783605109?
7
What is the hundred thousands digit of 4462264843?
2
What is the tens digit of 1812178577?
7
What is the hundred thousands digit of 26992234?
9
What is the millions digit of 916935220?
6
What is the ten millions digit of 215733887?
1
What is the tens digit of 744390799?
9
What is the hundreds digit of 2331793326?
3
What is the hundred thousands digit of 858911001?
9
What is the hundreds digit of 830065?
0
What is the tens digit of 80909274?
7
What is the units digit of 1508016112?
2
What is the tens digit of 518988849?
4
What is the hundred millions digit of 790572889?
7
What is the ten thousands digit of 10734749?
3
What is the units digit of 269672920?
0
What is the hundred millions digit of 618546675?
6
What is the hundreds digit of 32029867?
8
What is the ten thousands digit of 81340889?
4
What is the units digit of 213752917?
7
What is the hundred thousands digit of 350305038?
3
What is the millions digit of 1394166998?
4
What is the hundred thousands digit of 23864130?
8
What is the ten thousands digit of 16503621?
0
What is the hundred millions digit of 367449532?
3
What is the thousands digit of 74888091?
8
What is the hundreds digit of 331316489?
4
What is the thousands digit of 576476193?
6
What is the tens digit of 2388567118?
1
What is the units digit of 2008166040?
0
What is the thousands digit of 393023555?
3
What is the hundred thousands digit of 79649264?
6
What is the ten thousands digit of 204485315?
8
What is the billions digit of 1204628652?
1
What is the millions digit of 1026822587?
6
What is the ten thousands digit of 70077840?
7
What is the hundred millions digit of 148650404?
1
What is the hundred millions digit of 587756669?
5
What is the ten millions digit of 98161231?
9
What is the billions digit of 1055062259?
1
What is the ten thousands digit of 4863877982?
7
What is the billions digit of 1461596945?
1
What is the millions digit of 15735542?
5
What is the tens digit of 824074728?
2
What is the units digit of 2795363352?
2
What is the ten thousands digit of 189365809?
6
What is the millions digit of 1872510252?
2
What is the ten thousands digit of 2745958757?
5
What is the hundred thousands digit of 490088967?
0
What is the ten millions digit of 29573122?
2
What is the thousands digit of 47550798?
0
What is the hundred thousands digit of 14760544?
7
What is the thousands digit of 266285307?
5
What is the thousands digit of 84703428?
3
What is the millions digit of 4769265025?
9
What is the thousands digit of 1396839?
6
What is the hundred thousands digit of 19838012?
8
What is the ten millions digit of 5076391426?
7
What is the ten thousands digit of 18764023?
6
What is the units digit of 92708587?
7
What is the hundred millions digit of 1245538735?
2
What is the hundreds digit of 991402754?
7
What is the millions digit of 149062416?
9
What is the ten thousands digit of 2085245643?
4
What is the tens digit of 487350006?
0
What is the billions digit of 1860960644?
1
What is the millions digit of 3196437427?
6
What is the hundred thousands digit of 680074199?
0
What is the units digit of 3928680168?
8
What is the thousands digit of 101907745?
7
What is the millions digit of 1843404117?
3
What is the hundred millions digit of 753812500?
7
What is the tens digit of 36092723?
2
What is the millions digit of 18894044?
8
What is the ten thousands digit of 45434272?
3
What is the millions digit of 10657825?
0
What is the tens digit of 152271221?
2
What is the millions digit of 4425199298?
5
What is the ten millions digit of 167103723?
6
What is the thousands digit of 1072897529?
7
What is the thousands digit of 2248427063?
7
What is the millions digit of 152546446?
2
What is the hundred millions digit of 314856103?
3
What is the tens digit of 605202323?
2
What is the units digit of 999